e prime factors of 67881.
3, 11, 17
What are the prime factors of 462680?
2, 5, 43, 269
What are the prime factors of 187316?
2, 46829
List the prime factors of 4847802.
2, 3, 23, 35129
List the prime factors of 44475230.
2, 5, 17, 261619
List the prime factors of 503342.
2, 7, 157, 229
What are the prime factors of 659666?
2, 7, 47119
List the prime factors of 4285544.
2, 23, 23291
What are the prime factors of 1060116?
2, 3, 23, 167
What are the prime factors of 3714033?
3, 97, 12763
What are the prime factors of 3075420?
2, 3, 5, 51257
What are the prime factors of 225345?
3, 5, 83, 181
What are the prime factors of 2136265?
5, 19, 113, 199
List the prime factors of 2121084.
2, 3, 7, 19, 443
What are the prime factors of 469746?
2, 3, 8699
List the prime factors of 426024.
2, 3, 61, 97
What are the prime factors of 25567?
37, 691
What are the prime factors of 241537?
241537
What are the prime factors of 225040?
2, 5, 29, 97
List the prime factors of 28143508.
2, 167, 42131
What are the prime factors of 19565?
5, 7, 13, 43
List the prime factors of 1649791.
11, 13, 83, 139
List the prime factors of 4438462.
2, 7, 17, 1097
What are the prime factors of 8096063?
17, 89, 5351
List the prime factors of 967020.
2, 3, 5, 71, 227
What are the prime factors of 7597638?
2, 3, 193
List the prime factors of 3404893.
3404893
List the prime factors of 4507864.
2, 19, 47, 631
What are the prime factors of 143298?
2, 3, 19, 419
List the prime factors of 3424340.
2, 5, 131, 1307
What are the prime factors of 18834927?
3, 6278309
What are the prime factors of 1060489?
419, 2531
What are the prime factors of 357697?
17, 53, 397
What are the prime factors of 2144207?
13, 19, 8681
List the prime factors of 10435336.
2, 127, 10271
List the prime factors of 238463.
238463
What are the prime factors of 1869150?
2, 3, 5, 17, 733
What are the prime factors of 169493?
169493
What are the prime factors of 615780?
2, 3, 5, 11, 311
List the prime factors of 1516359.
3, 13, 59, 659
List the prime factors of 31028186.
2, 7, 2216299
List the prime factors of 189920.
2, 5, 1187
List the prime factors of 1323314.
2, 17, 38921
List the prime factors of 6612.
2, 3, 19, 29
What are the prime factors of 600387?
3, 29, 67, 103
List the prime factors of 6075379.
6075379
List the prime factors of 2585059.
31, 83389
List the prime factors of 10628448.
2, 3, 19, 5827
List the prime factors of 255756.
2, 3, 21313
List the prime factors of 457896.
2, 3, 19079
List the prime factors of 682422.
2, 3, 13, 673
What are the prime factors of 10426829?
7, 107, 13921
What are the prime factors of 124550?
2, 5, 47, 53
List the prime factors of 18219944.
2, 2277493
List the prime factors of 652773.
3, 11, 131, 151
What are the prime factors of 38750?
2, 5, 31
What are the prime factors of 216188?
2, 7, 1103
List the prime factors of 4302599.
7, 614657
What are the prime factors of 129231?
3, 83, 173
What are the prime factors of 6807909?
3, 19, 83, 1439
List the prime factors of 259783.
259783
What are the prime factors of 1218178?
2, 13, 46853
What are the prime factors of 118213?
118213
What are the prime factors of 126741?
3, 83, 509
What are the prime factors of 795268?
2, 198817
What are the prime factors of 408934?
2, 41, 4987
What are the prime factors of 4326208?
2, 23, 2939
What are the prime factors of 6044798?
2, 71, 42569
List the prime factors of 1792313.
1792313
What are the prime factors of 978099?
3, 79, 4127
What are the prime factors of 11851710?
2, 3, 5, 13, 30389
What are the prime factors of 394170?
2, 3, 5, 7, 1877
List the prime factors of 152661.
3, 151, 337
What are the prime factors of 1901937?
3, 139, 4561
List the prime factors of 13131.
3, 1459
What are the prime factors of 331892?
2, 11, 19, 397
List the prime factors of 1861148.
2, 53, 8779
List the prime factors of 16096.
2, 503
List the prime factors of 17007714.
2, 3, 944873
What are the prime factors of 208919?
59, 3541
List the prime factors of 546053.
546053
List the prime factors of 2809139.
1201, 2339
List the prime factors of 258160.
2, 5, 7, 461
List the prime factors of 4571853.
3, 11, 13, 10657
What are the prime factors of 577527?
3, 311, 619
What are the prime factors of 30948757?
7, 31, 127, 1123
What are the prime factors of 9785408?
2, 152897
What are the prime factors of 201520?
2, 5, 11, 229
What are the prime factors of 3675126?
2, 3, 7, 13, 53, 127
What are the prime factors of 552090?
2, 3, 5, 7, 11, 239
List the prime factors of 10353225.
3, 5, 31, 61, 73
List the prime factors of 107262.
2, 3, 59, 101
List the prime factors of 18369722.
2, 7, 41, 32003
List the prime factors of 306808.
2, 38351
What are the prime factors of 7270895?
5, 31, 61, 769
List the prime factors of 1222691.
17, 71, 1013
What are the prime factors of 14180074?
2, 17, 24533
List the prime factors of 178763.
13, 13751
List the prime factors of 5130447.
3, 7, 17, 2053
List the prime factors of 97289.
271, 359
What are the prime factors of 535763?
61, 8783
What are the prime factors of 302674?
2, 151337
List the prime factors of 4316300.
2, 5, 17, 2539
List the prime factors of 15582.
2, 3, 7, 53
What are the prime factors of 29931308?
2, 11, 19, 35803
List the prime factors of 14567336.
2, 7, 59, 4409
List the prime factors of 102617.
89, 1153
List the prime factors of 348104.
2, 53, 821
What are the prime factors of 5960534?
2, 59, 50513
List the prime factors of 1004272.
2, 23, 2729
What are the prime factors of 6654709?
37, 4861
What are the prime factors of 1310188?
2, 11, 2707
List the prime factors of 799101.
3, 88789
List the prime factors of 24485345.
5, 107, 45767
What are the prime factors of 977916?
2, 3, 227, 359
List the prime factors of 35351.
23, 29, 53
What are the prime factors of 379677?
3, 19, 6661
List the prime factors of 2200032.
2, 3, 7639
What are the prime factors of 19294317?
3, 7, 306259
What are the prime factors of 118563?
3, 39521
What are the prime factors of 867805?
5, 173561
What are the prime factors of 19553732?
2, 11, 444403
List the prime factors of 1639855.
5, 7, 46853
What are the prime factors of 2635135?
5, 719, 733
What are the prime factors of 1095662?
2, 547831
What are the prime factors of 732939?
3, 244313
What are the prime factors of 86168?
2, 10771
What are the prime factors of 101672?
2, 71, 179
What are the prime factors of 269038?
2, 7, 11, 1747
List the prime factors of 259189.
7, 61, 607
List the prime factors of 2712685.
5, 542537
What are the prime factors of 25412015?
5, 197, 25799
What are the prime factors of 21606296?
2, 43, 107, 587
List the prime factors of 11964569.
11964569
What are the prime factors of 24635?
5, 13, 379
List the prime factors of 4651229.
11, 89, 4751
List the prime factors of 68758.
2, 31, 1109
What are the prime factors of 7131167?
211, 33797
List the prime factors of 144113.
211, 683
List the prime factors of 1671880.
2, 5, 7, 853
What are the prime factors of 87615?
3, 5, 11, 59
List the prime factors of 3271901.
127, 25763
What are the prime factors of 1335364?
2, 47, 7103
List the prime factors of 273208.
2, 13, 37, 71
List the prime factors of 1055078.
2, 29, 18191
What are the prime factors of 10039960?
2, 5, 7, 23, 1559
What are the prime factors of 37628?
2, 23, 409
List the prime factors of 65653.
7, 83, 113
List the prime factors of 17189491.
11, 163, 9587
List the prime factors of 444789.
3, 73, 677
What are the prime factors of 3638134?
2, 1819067
List the prime factors of 777116.
2, 173, 1123
What are the prime factors of 22965890?
2, 5, 61, 37649
List the prime factors of 4407926.
2, 2203963
List the prime factors of 238390.
2, 5, 31, 769
What are the prime factors of 213870?
2, 3, 5, 7129
What are the prime factors of 43611?
3, 14537
What are the prime factors of 6579757?
19, 346303
List the prime factors of 214856.
2, 107, 251
What are the prime factors of 7990871?
7, 23297
What are the prime factors of 7759681?
73, 106297
What are the prime factors of 1821670?
2, 5, 182167
What are the prime factors of 179235?
3, 5, 7, 569
What are the prime factors of 187188?
2, 3, 19, 821
List the prime factors of 6512682.
2, 3, 11, 101, 977
List the prime factors of 13817300.
2, 5, 7, 19739
List the prime factors of 217643.
217643
